 is the units digit of z?
8
Let k = 3 - -3. Suppose 3*b - 19 = w + k, 4*w + 44 = 5*b. What is the units digit of b?
8
Let t(h) = 2*h + 16. What is the units digit of t(16)?
8
Suppose 0 = -2*i - 10, -2*i = r - 3*i - 9. Suppose -4*f + r = -0. Suppose 2*c = 13 - f. What is the units digit of c?
6
Let k be 42/(-28)*(-200)/6. Suppose -q = -k + 12. What is the tens digit of q?
3
Let j(d) = d**3 + 5*d**2 - 8*d - 8. Let h be j(-6). Suppose 3*p = 2*p + h. Suppose -2*o + 6 = -p*k + 4, 2*k = 4*o - 4. What is the units digit of o?
1
Let q(h) = h**3 + h**2 + 2. Let k be (-1)/1 + (-27)/(-9). What is the tens digit of q(k)?
1
Let t be (12 + -8)/(2/(-5)). What is the units digit of -5*2*5/t?
5
Suppose 0 = x - 2 - 3. Let m = x + -3. Suppose -10 = -2*k + 7*k, 2*k - 12 = -m*y. What is the units digit of y?
8
Let f be (-2 - (-22)/(-2))/(-1). Suppose m + f + 7 = 0. What is the units digit of (-88)/m - 2/5?
4
Suppose 0 = -4*o + 15 + 1. Suppose o*n = 17 - 5. Let h = n + 5. What is the units digit of h?
8
Let c(b) = -2*b + 9. Let t be c(7). Let l(n) = 2*n**2 + 8*n + 4. Let a be l(t). Let z = a + -6. What is the units digit of z?
8
Let h(g) = g**2 - 5*g - 4. Let k be h(5). What is the units digit of (52/8)/((-2)/k)?
3
Suppose -2*j - 4*f = -0*f - 28, -2*f + 26 = 3*j. Let x be (j/(-5))/((-3)/10). Let v(l) = 3*l - 4. What is the units digit of v(x)?
8
What is the units digit of ((-124)/(-6))/((-4)/(-12))?
2
Let p(y) = -y**2 - 9*y - 8. Let f be p(-6). Suppose g = -4*g - f. Let a = g - -3. What is the units digit of a?
1
Suppose -5*z + 19 = a, 6*z - 56 = -2*a + 5*z. What is the units digit of a?
9
Suppose 0 = u - 2*m - 22, 2*u + 4*m + 20 = 3*u. Suppose -5*b - u = d, -3*d = 2*d + b. What is the units digit of d?
1
Suppose -8*g = -11*g + 129. What is the units digit of g?
3
What is the units digit of 14/105 - (-176)/30?
6
Suppose -7*t = -8*t - 4. What is the tens digit of (-5 + -9)/(t/6)?
2
Suppose -4*f - f = -20. Suppose f*l + r = 112, r - 23 = -l + 2*r. What is the tens digit of l?
2
Suppose s = 2*s - 31. What is the units digit of s?
1
Let v be (-1)/((-1)/6*2). Suppose 3*i - i = -6, v*i = -3*o - 93. What is the units digit of o/6*(-3)/2?
7
Let m be (-100)/(-24) - 1/6. Let c(h) = h + 0*h + m*h - 2. What is the units digit of c(2)?
8
Suppose -482 + 71 = -4*w - 5*u, -w = -3*u - 124. What is the units digit of w?
9
What is the tens digit of (24/(-5))/(-12) - 1336/(-10)?
3
Let w be -1*(-3)/3*2. Suppose 2*h + 37 = l, 4*h - w*h + 82 = 2*l. What is the units digit of l?
5
Let k(r) = -r**2 - 6*r + 6. Let q = 9 - 5. Suppose -q*p - 15 = -p. What is the tens digit of k(p)?
1
Let w be (1 - 4)*(-1)/3. Suppose -5*b + 10 = -5*v, 3*v - w = 4*b - 10. Suppose -v = 5*n - 31. What is the units digit of n?
6
Let p(o) = -o**2 - 7*o - 6. Let m be p(-5). Let c = 21 - 14. What is the units digit of c/(-28) - (-17)/m?
4
Let h(k) = 6*k**2 + 1. Let p = -2 + 1. Let c = 0 + p. What is the units digit of h(c)?
7
Let q = -4 + 8. Suppose q*k - 1 = 3. What is the units digit of -21*(0 + k/(-3))?
7
Let j be (-5)/(0 + -2 + 1). Suppose 0 = -j*h - 3 + 48. What is the units digit of h?
9
Suppose b + 7 = 2*p + 3, -p = -b - 3. What is the units digit of (11 - 0)/1 + p?
2
Suppose 0 = 2*b + 2*t - 28, 4*b - 50 = -4*t + 3*t. What is the units digit of b?
2
Suppose 0*r - 14 = -2*r. Suppose 2*t - r = -5*a, 5*a - 4 = -t + 2. What is the units digit of t?
1
Let x(q) = q**2 + 4*q + 3. What is the units digit of x(-5)?
8
Suppose 0 = 3*k - 2*y - y + 18, 0 = -5*k - 4*y + 6. Let g be 1/1 - 70/k. What is the units digit of g/30*(-5)/(-2)?
3
Let j(c) = -22*c**3 - c. What is the units digit of j(-1)?
3
Suppose -2*g + 22 + 10 = -3*j, -126 = -5*g - 4*j. What is the units digit of g?
2
Let q(o) = -o**3 + 5*o**2 - 6*o - 10. Let t be q(7). Let y be (t/(-9))/(6/9). Suppose -4*v + 16 = -4*w - 16, -4*w - y = -3*v. What is the units digit of v?
7
Suppose -2*n - 4*g = -80, 4*n + 4*g - 2*g - 184 = 0. What is the units digit of n?
8
Let h(n) = 0*n**2 + 7 + 3*n**2 - 2*n**2 - 4*n - 2*n. What is the units digit of h(7)?
4
Suppose 23 = 3*y - 2*p + 2, 3*p = -9. Let s(b) = b**2 - b + 1. What is the tens digit of s(y)?
2
Let d be 0/4 - (3 + 0). Let n = d + 1. What is the units digit of (-408)/(-56) + n/7?
7
Let q(v) = v**2 - 8*v - 10. Suppose 27 = h + 2*h. Let t be q(h). What is the units digit of 4 + 2*t/2?
3
Let h = 17 + -16. Let x = h - -13. What is the units digit of x?
4
Let n = 55 - 22. What is the tens digit of n?
3
Suppose 2*h + 0*h - 6 = -4*p, -3 = -h. Let n be ((-16)/12)/((-4)/9). Suppose -5*b - 5*w = -p*b - 90, b - 28 = -n*w. What is the tens digit of b?
1
What is the tens digit of ((-36)/5)/(4/(-20))?
3
Suppose -4*v - v + 630 = 0. What is the units digit of v?
6
Let r(p) = 31*p - 9. What is the units digit of r(10)?
1
Let x = -83 + 117. Let a be (-45)/(-2) - 1/(-2). Let l = x - a. What is the tens digit of l?
1
Let f(q) = -35*q - 4. Let l be f(-4). Let y be (-2)/3 - l/12. What is the tens digit of (6/(-2))/3*y?
1
Let x = 14 + -10. Let u = x - 3. What is the units digit of u?
1
Suppose 0 = 3*b + b - 20. Suppose 4*i - 34 = -4*c - c, -23 = -3*i - b*c. What is the tens digit of i?
1
Let l = -15 + 25. Let c be ((-4)/l)/(4/(-540)). What is the units digit of c/8 - 1/(-4)?
7
Suppose a = 3*k + 231, 0 = a - k - 6 - 215. What is the tens digit of a?
1
Suppose 0 = 3*k + 2*k + 30. Let y = 15 + k. What is the units digit of y?
9
Let l(z) = -z**2 + 8*z + 3. Let p be l(7). Suppose -2*y + 10 - 37 = 5*r, 0 = 2*r + 6. Let d = p + y. What is the units digit of d?
4
Suppose -3*g - 10 = -5*g. Suppose 71 + 119 = g*d. What is the tens digit of d?
3
Let q(r) = r**3 - 8*r**2 + r - 2. Suppose 4*i - 109 + 33 = 0. Let s = i - 11. What is the units digit of q(s)?
6
Let s = -1 + 23. Suppose v + 4 + s = 0. Let t = v - -46. What is the units digit of t?
0
Let r(t) = 8*t**2 + 11*t + 8. What is the units digit of r(-4)?
2
Let y(t) = 3*t - 2. Let f(d) = -d**3 - 2*d**2 + 2*d. Let r be f(-3). What is the units digit of y(r)?
7
Let f(l) = l**3 - l**2 + 3. What is the tens digit of f(4)?
5
Suppose 16*i - 14*i - 44 = 0. What is the units digit of i?
2
Let a = -102 + 184. What is the units digit of a?
2
Let o be ((-72)/16)/(6/(-16)). What is the units digit of o + 1 + 4 + -3?
4
Suppose -i = -h - 7, 3*i + 0*i + 4*h + 14 = 0. Suppose -i*b = b - 12. What is the units digit of b?
4
Let u = 13 - 5. Let g(c) = c**3 - 8*c**2 + c + 11. What is the units digit of g(u)?
9
Suppose 0 = 5*m - 5 - 15. Suppose a - 5*i - 41 = 0, 54 = 4*a + m*i - 2*i. What is the units digit of a?
6
Suppose 5*r + 2*q = r + 584, 0 = -r + 3*q + 132. What is the tens digit of r?
4
Suppose b = -4*o + 229, 4*b - 4*o = b + 639. What is the tens digit of b?
1
Let i(m) be the second derivative of 35*m**4/12 + m**2/2 + 4*m. What is the tens digit of i(-1)?
3
Let d = 84 - 41. What is the units digit of d?
3
Suppose -5*b + 471 = -64. What is the hundreds digit of b?
1
Let g = -7 - -5. Let p = 34 + g. What is the units digit of p?
2
Let j = -8 - -14. Suppose -5*a + 107 = -p, -4*a - p = -j*a + 44. Suppose -4*b + 10*c - a = 5*c, 3*c = b + 14. What is the units digit of b?
1
Suppose 15 = 2*y + 1. Let c(g) = g**2 - 3*g - 5. Let x be c(5). Let u = x + y. What is the units digit of u?
2
Suppose 0 = 3*p - 0*p - 3*j + 9, 0 = 4*p + j + 2. Let b = p + 10. Let q = -8 + b. What is the units digit of q?
1
Let n(j) = -j - 1. Let z be n(-4). Suppose 4*b = 12, i = -z*i - 3*b + 81. What is the tens digit of i?
1
Let t = 28 + 1. Let c = 15 - t. Let j = -9 - c. What is the units digit of j?
5
Let m be (-7)/(-14) - (-3)/2. Suppose 3*a + m*a + y = 17, 5*a = -3*y + 21. Suppose 8*b - 75 = a*b. What is the units digit of b?
5
Let a(d) = -6*d + 3. What is the tens digit of a(-6)?
3
Let u(g) = -g**3 - 2*g**2 - 2*g - 3. Let p be u(-2). Let q(t) = 40*t. Let c be q(p). Suppose 9*x - c = 4*x. What is the units digit of x?
8
Let k be ((-3)/12)/(2/(-8)). Let j = 1 - k. Suppose j*u = 5*u - 60. What is the tens digit of u?
1
Let g(i) = 3*i**3 - 1. Let x be g(1). Suppose d - x*f = 10, 4*d - 11 = -5*f + 3. What is the units digit of d?
6
Suppose 1 = 2*q + v, -2*v + 4 = 3*q + 2*q. Suppose q*g - x = 12, 3*g - x = -4*x. Let i = g - 2. What is the units digit of i?
2
Let l(g) be the first derivative of g**4/4 + 2*g**3 - 4*g**2 - 6*g - 3. What is the units